vided by 3.
0
Suppose -8 = -3*i + 2*p + 1, 0 = -i - 2*p + 11. Suppose i*j - 3*f + 2*f = 121, 3*f = 4*j - 99. Calculate the remainder when j is divided by 7.
3
Let h(u) = -u**2 + 4*u - 5. Let t be h(4). Let m = -13 - -22. Let l = m + t. What is the remainder when l is divided by 3?
1
Let d = -12 + 27. Calculate the remainder when d is divided by 6.
3
Let h(f) = -2*f + 3. Let c = 7 - 13. What is the remainder when h(c) is divided by 4?
3
Let v(m) = m**2 + 2*m + 11. What is the remainder when 15 is divided by v(0)?
4
Suppose 0*b - 4*i = -3*b + 86, 0 = 3*b - 2*i - 82. What is the remainder when b is divided by 9?
8
Let p(m) = 6*m + 1. Suppose 5*z = 5*c + 185, -5*c + c = -2*z + 84. Calculate the remainder when p(10) is divided by z.
29
Let r(y) = -2*y**3 + 2*y**2 + 2. Let m be r(-2). Let z = -17 + m. What is the remainder when 26 is divided by z?
8
Let l(z) = 2*z - 1. Suppose -w - 20 = -2*w. Calculate the remainder when w is divided by l(4).
6
Let z be (-1)/(-1)*(-27)/(-3). Suppose 3*m = z + 30. What is the remainder when 25 is divided by m?
12
Let q = -26 + 28. What is the remainder when 6 is divided by q?
0
Let m = 13 + -4. What is the remainder when m is divided by 4?
1
Let h = 6 + 14. What is the remainder when 38 is divided by h?
18
Suppose 3*l - 2*v - 79 = 0, l + 2*v - 30 = 7. Suppose -5*d + 5*x - 3*x = -33, 4*x + 16 = 0. Suppose 5 = -d*m + 55. What is the remainder when l is divided by m?
9
Suppose 4*p + 131 = 559. Calculate the remainder when p is divided by 27.
26
Suppose 4*i = -k + 26, -k + i + 2*i + 19 = 0. Calculate the remainder when k is divided by (-18)/(-63) + 80/14.
4
Let h(n) = n**3 + 2*n**2 + 44. Suppose 2*k + 5 - 35 = 0. Calculate the remainder when h(0) is divided by k.
14
Suppose -4*c + 35 = s, -4*s + 44 = 5*c - c. Suppose 0 = 2*n + 2*u, 2*u + 10 = 4. What is the remainder when c is divided by n?
2
Let z = 53 + -14. What is the remainder when z is divided by 14?
11
Let w = 8 - 5. Let u be -2*(w + 11/(-2)). Suppose -u*j + 88 = -137. What is the remainder when j is divided by 23?
22
Let i be (-4)/(-1)*24/3. Let n = i - 19. Let p = n - 7. What is the remainder when 9 is divided by p?
3
Let x = -29 - -49. Let w = -76 - -87. Calculate the remainder when x is divided by w.
9
Suppose 3*v = -0*i + i - 21, 0 = -4*v - 4*i - 28. Let c = 11 + v. What is the remainder when 12 + 0 - (-4)/2 is divided by c?
2
Suppose x + 7*x = 1544. What is the remainder when x is divided by 28?
25
Suppose o + 0*o = 2. Let y = 4 + -6. Calculate the remainder when 1*(1 - (0 + y)) is divided by o.
1
Let q(l) be the second derivative of 2*l**3/3 - 7*l**2 + l. Calculate the remainder when q(10) is divided by 14.
12
Let s(v) = -2*v + 2. Let u(z) = 33 + 3*z - 3*z**2 - 33 - z**3. Calculate the remainder when s(-4) is divided by u(-4).
2
Let r(n) be the third derivative of n**4/6 - 7*n**3/6 + 6*n**2. Calculate the remainder when 33 is divided by r(4).
6
Suppose 0*w + 4*b = -3*w + 4, 4*w + 5*b - 5 = 0. Suppose w*q = -3*t + 5*q + 116, -4*q - 80 = -2*t. What is the remainder when t is divided by 11?
10
Suppose -16 = 2*b + 2*b, k = -5*b + 63. What is the remainder when k is divided by 42?
41
Let w(x) = -16*x**3 + 1. What is the remainder when 67 is divided by w(-1)?
16
Suppose -1 = -r + 1. Suppose 25 = 3*a + r*a. Suppose a*z = -2*f + 6*f - 4, 12 = 3*z. Calculate the remainder when 16 is divided by f.
4
Suppose -9 = -2*a - 3. What is the remainder when 14 is divided by a?
2
Suppose -84 = -3*a - 3*h + 195, h = -5*a + 485. Suppose a = 4*v - 90. Suppose -204 = -23*q + 6*q. What is the remainder when v is divided by q?
11
Let y = -29 + 59. Calculate the remainder when 89 is divided by y.
29
Suppose k - 139 = -4*k + 3*p, 4*k + 5*p = 89. Let o(t) = 14*t**2 - t + 1. Calculate the remainder when k is divided by o(1).
12
Suppose o - 4*a + 3 = 0, -6 = -4*a - 2. Suppose -5*s - 33 + 8 = 0. What is the remainder when 46 is divided by -2*o*(s + -3)?
14
Calculate the remainder when 4 - 0 - (-160)/4 is divided by 15.
14
Suppose -5*d - 33 = -8. Let i(c) = c + 7. Let b be i(d). Suppose 26 = 4*o - 5*r, -3*o - 5*r + b = -0. Calculate the remainder when 7 is divided by o.
3
Let f(o) = o**3 + 5*o**2 + o - 3. Let j be f(-6). Let k = j + 74. Calculate the remainder when k is divided by 4*(-4)/(16/(-10)).
9
Suppose 5*u - 2*w = -43, 0 = 6*u - 3*u - 5*w + 41. Let m(j) = -j**3 - 7*j**2 - 9*j - 2. Calculate the remainder when m(u) is divided by 16.
13
Calculate the remainder when (-4)/10 - 2/((-10)/107) is divided by 6.
3
Let i = 18 - 15. Calculate the remainder when 3 is divided by i.
0
Suppose -q - 38 = -52. Calculate the remainder when q is divided by 9.
5
Suppose -3*w - 12 = -6*w. Calculate the remainder when (w/10)/(1/40) is divided by 64/10 + (-4)/10.
4
Suppose -4*q + 10 = -22. Suppose -4*g + 3*r = -33, -q = -g + 2*r - r. Suppose u + u = 52. Calculate the remainder when u is divided by g.
8
Suppose -5 + 0 = -3*o - 2*k, k = -5*o + 20. Suppose -2*y + 22 = o*h, -h = -0*h + y - 5. Calculate the remainder when 6 is divided by h.
2
Suppose 0 = x - 7 + 3. Suppose 5*g = x*g + 126. What is the remainder when g is divided by 32?
30
What is the remainder when 39 + -2 + 5 + -2 + 1 is divided by 25?
16
Suppose 14*v + 78 = 16*v. Calculate the remainder when v is divided by 10.
9
Suppose -4*i + 4*n = 2*n - 56, -2*n + 16 = 2*i. Suppose -g + 4*q + 1 = -i, -g + 5*q = -16. What is the remainder when (-1 - 1*-2)*2 is divided by g?
0
Suppose 3*u - 150 = -4*m - 0*m, 2*u - 114 = 2*m. Let n = -395 - -409. Calculate the remainder when u is divided by n.
12
Let r = 54 + -23. Calculate the remainder when r is divided by 22/(-3)*6/(-4).
9
Suppose 6*k = -6*k + 192. Let d(a) = -a**3 + 9. Calculate the remainder when k is divided by d(0).
7
Let n(i) = -2*i + 5. Calculate the remainder when 33 is divided by n(-4).
7
Let l be (-8)/(-6)*(-6)/4. Let m = 2 - l. Calculate the remainder when 35 is divided by (0 + -12)*(-5 + m).
11
Suppose 3*t - 132 = -6. Calculate the remainder when t is divided by 9.
6
Let j = -12 - -14. Let w be (4/6)/((-4)/(-246)). Suppose -w = -j*r + 5. Calculate the remainder when r is divided by 12.
11
Suppose 4*v - p = 69, -5*p = -3*v + 2*v + 3. Calculate the remainder when v is divided by 4.
2
Let r(s) = 8*s + 88. What is the remainder when -1 - (1 + -2)*23 is divided by r(-10)?
6
Let t(y) = y**3 + 9*y**2 + 7*y - 1. Calculate the remainder when 13 is divided by t(-8).
6
Let p = -40 + 18. Suppose 5*c + 2*a - 95 = 0, -4 = c + 4*a + a. Calculate the remainder when c is divided by (-2)/(1/(p/4)).
10
Let z = 10 - -1. What is the remainder when 42 is divided by z?
9
Suppose 4*m + n + n - 68 = 0, -26 = -2*m + 3*n. Suppose 5 + 7 = 3*s. Suppose 2*p + s = 64. What is the remainder when p is divided by m?
14
What is the remainder when 3 is divided by (-30)/8 + (-12)/(-16) + 4?
0
Suppose 24 = 3*u - 0*u. Calculate the remainder when 62 is divided by u.
6
Let y = -7 - -18. Let i = y + -7. What is the remainder when (-1)/3 + 68/6 is divided by i?
3
Suppose 0 = k - 1 - 2. Suppose 8*u - 285 = k*u. What is the remainder when u is divided by 15?
12
Let q = 7 + -9. Let f = 20 - q. Suppose 0 = 5*k - 30 - 10. Calculate the remainder when f is divided by k.
6
Let x(w) = -w**3 - 4*w**2 + 6 - 3 + 0*w**2 + 12*w. Calculate the remainder when 10 is divided by x(-6).
1
Suppose -p + 41 = 3*b - 9, -5*b - 150 = -5*p. What is the remainder when p is divided by (0 + 12)*(5 + 34/(-8))?
8
Suppose -6*z + 3*z = -4*i - 114, -5*z - 3*i + 219 = 0. Suppose -24*p + 165 = -9*p. What is the remainder when z is divided by p?
9
Suppose 0 = 4*x + 2*q - 12, -x = -2*x + q - 3. Suppose o + 8 = 5*b, 8 = 2*b - 6*b - 4*o. Calculate the remainder when b is divided by x.
0
Let z(a) = -a**2. Let b(v) = -v**2 - 4. Let n(r) = b(r) - 4*z(r). Calculate the remainder when n(-3) is divided by 12.
11
Let j be (1 + 1)*24/3. Let a = 10 - j. Let s(k) = -k**2 - 9*k - 6. Calculate the remainder when s(a) is divided by 7.
5
Let c(q) = -q - 7. Let a(g) = -3*g - 3. What is the remainder when a(-6) is divided by c(-15)?
7
Let j(o) = -o**2 + 5*o + 2. Let a be j(5). Suppose p + n + 1 = a*n, 5*n = 2*p + 2. What is the remainder when 19 is divided by (1/(-3))/(p/21)?
5
Let a(c) = 14*c**2 - 4. Let f be a(4). Suppose 6*q = 2*q + f. Suppose o - q = -4*o - 4*j, 13 = -o + 4*j. What